+ 2). Let p(n) = 4*n**2 + 2*n - 4. Let d be p(-3). What is the highest common divisor of w and d?
13
Suppose 5*m = 3*f + 2, -5*f + m - 14 = 4. Let s be (18/f)/((-15)/40). What is the greatest common divisor of 132 and s?
12
Let u(j) = j**2 + 4*j + 4. Let m be u(-4). Let g = m - -6. What is the highest common factor of g and 70?
10
Suppose 2*j = -3*j. Suppose 7*a - 10*a + 39 = j. Calculate the highest common factor of 117 and a.
13
Suppose -65*t + 48 = -61*t. What is the highest common factor of t and 300?
12
Let d(m) = -7*m. Let s be d(12). Let t = 138 + s. Let c(h) = 2*h**2 + h. Let a be c(4). What is the greatest common divisor of t and a?
18
Let x = 387 + -142. Calculate the greatest common divisor of 98 and x.
49
Suppose -8 = -l - 2. Let z = -7 + l. Let v be z + 1 + 0 + 1. What is the greatest common factor of v and 2?
1
Let n(q) = 11*q**2 + 1. Let d be n(1). Calculate the greatest common factor of 60 and d.
12
Suppose -5*p + 50 = 5*a, 2*p - 5*a = -5 - 10. Suppose -4*c + 2*r + 10 = 0, -5*c - r = -2*r - 20. What is the greatest common divisor of p and c?
5
Let t(c) = c**2 + 2*c - 41. Let d be t(-8). What is the greatest common factor of d and 63?
7
Let y(h) = -h**2 + 7*h. Suppose -3*s + 24 = 2*u, -u + 4 = u - 2*s. Let g be y(u). Calculate the highest common divisor of 12 and g.
6
Let y = -10 + 7. Let f be (-2*1 - -1)*-1. Let i be 3/(f*y/(-17)). What is the highest common divisor of i and 17?
17
Let o = -10 + 14. Let b be 115/3 + (-4)/(-6). Suppose 0 = -o*x - 5*j + b, 6*x = x - 2*j + 36. What is the highest common factor of 3 and x?
3
Let l(j) be the first derivative of 2*j**2 + j**2 - 4*j**2 + 2. Let h be l(-4). What is the greatest common factor of 4 and h?
4
Let f = -98 + 161. Calculate the greatest common divisor of f and 42.
21
Let z be (4/(-6))/((-8)/(-12)). Let n = z + 1. Let g = n - -1. What is the highest common divisor of g and 5?
1
Let u = 12 - 10. What is the greatest common divisor of 2 and u?
2
Let f = 6 + -3. Let j = f + -1. Suppose -5*m = -2*x + 276 - 47, 0 = 2*x + j*m - 222. Calculate the greatest common factor of 16 and x.
16
Suppose 4*v + g = -3*g + 4, -4*v = -5*g + 41. Let a be 1 + 1 + v + 6. Suppose -40 = -a*c + 24. What is the highest common divisor of 48 and c?
16
Let k = 17 - -19. Suppose -5*x + 156 = k. What is the highest common divisor of x and 4?
4
Let c(h) = -h**3 + h**2 - h. Let m be c(0). Suppose m = 5*n - 4 - 1. Calculate the greatest common factor of n and 7.
1
Suppose 4*w = 5*c + 60, 2 = -5*c + 22. Let z = 25 - w. What is the highest common factor of z and 55?
5
Let y be 22/(-55) - (-244)/10. Calculate the highest common divisor of y and 6.
6
Let r = -13 + -11. Let z = r - -40. What is the highest common divisor of z and 128?
16
Let l be (2 + -3)*(-4 - 0). Suppose 0 = l*z - 3*f, 3*f + 20 = -2*z + 2. Let d be 562/8 - z/(-12). Calculate the greatest common factor of d and 10.
10
Let a(s) = -5*s**3 - 4*s**2 - 3*s - 1. Let z be a(-2). Calculate the greatest common factor of 319 and z.
29
Let i be (-6)/(-12) + 1997/2. Let j be i/36 - (-2)/8. Calculate the highest common divisor of 4 and j.
4
Suppose 2*m - 2 = -4*l, l + 0*m - 5*m = 17. Suppose 0 = 2*j - l*p - 12, 4*p - 40 = -5*j + 26. Calculate the greatest common divisor of j and 40.
10
Let h be (-1 - 2 - 1) + 0. Let v be 450/(-20)*h/6. Calculate the highest common divisor of v and 45.
15
Suppose -4*l + 6 + 10 = 0. Suppose l*i + 0*i - 9 = -5*w, -5*i + w = -33. Let p be 30/24 + 6/8. What is the highest common divisor of i and p?
2
Suppose 0 = 3*y - 2*y - 2. Suppose -t - d - 7 = -y, -5 = t - 2*d. Let w = 24 + t. Calculate the highest common divisor of w and 19.
19
Let l(u) be the first derivative of -u**4/4 + 8*u**3/3 - 7*u**2/2 + 2*u + 5. Let i be l(7). What is the greatest common divisor of i and 4?
2
Let x be 0 - (-2)/3 - 1566/(-81). What is the greatest common divisor of 30 and x?
10
Let j be (-4)/6*(-39)/2. Suppose -5*g + 2*o + 14 = 0, g + 4*o = -2*g - 2. Suppose x + j = g*x. What is the greatest common divisor of x and 104?
13
Let u(z) = -z**3 - z**2 + 4*z + 6. Let d be u(-4). Calculate the highest common divisor of 19 and d.
19
Let f = -8 + 20. Calculate the highest common factor of 60 and f.
12
Let q = 13 + -38. Let m = -18 - q. What is the greatest common factor of 35 and m?
7
Let p be 8/3 - 4/6. Suppose -n + 10 = p*w - w, -4*n = -5*w + 5. What is the highest common divisor of 5 and w?
5
Let w be 17/(((-4)/2)/(-2)). Suppose 3*k - 102 = -0*k. Calculate the highest common factor of k and w.
17
Let r be 133 + (-3)/12*0. Calculate the highest common divisor of 19 and r.
19
Let h be (-4)/(24/33)*-6. Suppose 85 - 30 = 5*p. Calculate the highest common factor of h and p.
11
Suppose 0 = -4*b + 239 + 49. Calculate the highest common divisor of 8 and b.
8
Suppose -2*w = -0 - 8. Let c = w + -6. Let t be 4 + -1 - 134/c. What is the greatest common divisor of 28 and t?
14
Let l = -62 - 35. Let n = -37 - l. Let f be 1 + 1 - (0 - 22). What is the highest common divisor of f and n?
12
Suppose 6*s - 8*s = -138. Let y be 1*(2 + 42 - -2). What is the greatest common factor of y and s?
23
Let c(u) = -u**3 - 6*u**2 + 6. Let g be c(-6). Let z be 0 - -2 - (-8 - -1). Calculate the highest common factor of z and g.
3
Let t(w) = -w**2 - w + 128. Let u be t(0). Calculate the greatest common factor of 16 and u.
16
Let y = -20 - -37. Calculate the highest common divisor of 17 and y.
17
Let y be (13/5 + 1)/((-4)/(-120)). What is the highest common factor of y and 18?
18
Suppose -4 = 2*l - 0. Suppose 4*j + 5*k + 18 = 0, 3*j = -2*k - 19 + 2. Let y be 206/14 + l/j. What is the highest common divisor of y and 30?
15
Suppose 2*r + 2*r = 24. Let m be 5/(5/r)*20. What is the greatest common divisor of m and 15?
15
Let z be (-89)/(-1) + -3 + 5. Let g(v) = v - 7. Let w be g(-6). Let j = 26 + w. Calculate the highest common factor of j and z.
13
Suppose -3*u + 4*q = -q - 36, 0 = 4*u + 5*q - 48. Suppose -u - 10 = -p. Calculate the greatest common divisor of 55 and p.
11
Suppose 5*j - 4*m - 24 = 0, 0 = -j + 2*j - 5*m - 9. Let c be (-197)/(-7) - j/28. Suppose 0 = 5*z - 128 - 82. Calculate the highest common factor of z and c.
14
Suppose 3*g - 8 = -2*f, 2*g - 10 = -3*g - 5*f. Suppose -2*s + 77 = 2*q - s, 2*q + 2*s = 82. What is the greatest common factor of q and g?
4
Suppose a = -5*f + 2*a + 23, 2*a - 4 = 0. Suppose -f*s - 17 = -w - w, -4*w + 46 = 2*s. Calculate the greatest common factor of 121 and w.
11
Let s(x) = -15*x - 12. Let t be s(-3). Calculate the greatest common divisor of 33 and t.
33
Suppose 1 = -4*t + 5*f - 0, -2*f = -10. Let i be (3/((-9)/141))/(-1). Let j be t/(-27) - i/(-9). Calculate the highest common factor of j and 5.
5
Suppose 0 = -n + 3*g - 41, 0*n - 4*g = 4*n + 132. Let b be (-1246)/n + 2/5. What is the highest common factor of b and 54?
18
Let i be (-317)/(-5) - 6/(-10). What is the greatest common divisor of i and 160?
32
Suppose -5*z + 132 = -v + 2*v, -3*z + 80 = v. Calculate the greatest common factor of 26 and z.
26
Let p(b) = b**2 - b + 4. Let g be p(0). Let k be -3 + 8 + 3/(-1). Suppose 5*v - 4*d = 17, 27 - 3 = g*v + k*d. Calculate the highest common factor of 35 and v.
5
Suppose -4*f = 4*v - 44, 2*v = -f + 3*v + 9. Suppose -2*b - 4*w + 146 = -2*w, 5*w = 2*b - 125. What is the highest common factor of b and f?
10
Suppose -2*b + 35 = -27. Let a = b + -14. Suppose 5*q - 3*t - 33 = 0, 3*t = -3*q - a + 56. Calculate the highest common factor of q and 45.
9
Let c(b) = b + 3. Let u be c(0). Suppose -h = -6*h + 120. Calculate the greatest common divisor of u and h.
3
Suppose -1 = -2*r + r. Suppose n + r - 6 = 0. Let j = 42 + -37. Calculate the greatest common factor of n and j.
5
Suppose 6*l = 3*l - 2*h + 46, 3*h - 62 = -4*l. What is the highest common factor of 154 and l?
14
Suppose -4*j + 166 = -230. What is the greatest common divisor of 11 and j?
11
Let u = -101 - -106. What is the greatest common divisor of 10 and u?
5
Let h = 82 - 42. Let g = -111 - -211. Calculate the highest common divisor of h and g.
20
Let l(c) = 2*c**2 - c - 1. Let d be l(2). Let r(j) = -j**3 + 6*j**2 + 3*j - 4. Let v be r(d). Calculate the highest common divisor of 4 and v.
4
Suppose 5*a = 12 + 3. Suppose -a*k + 7 + 2 = 0. Calculate the greatest common divisor of 3 and k.
3
Let h = -4 + 3. S